{"id":250,"date":"2024-04-04T19:35:10","date_gmt":"2024-04-04T17:35:10","guid":{"rendered":"https:\/\/localhost\/wordpress\/?page_id=250"},"modified":"2024-05-17T18:01:13","modified_gmt":"2024-05-17T16:01:13","slug":"sobre-nosotros","status":"publish","type":"page","link":"https:\/\/centroradiologicodental.org\/?page_id=250","title":{"rendered":"SOBRE NOSOTROS"},"content":{"rendered":"\t\t<div data-elementor-type=\"wp-page\" data-elementor-id=\"250\" class=\"elementor elementor-250\">\n\t\t\t\t<div class=\"elementor-element elementor-element-0986db8 e-con-full elementor-hidden-desktop e-flex e-con e-parent\" data-id=\"0986db8\" data-element_type=\"container\" data-settings=\"{&quot;background_background&quot;:&quot;classic&quot;}\">\n\t\t\t\t<div class=\"elementor-element elementor-element-41683da elementor-widget elementor-widget-text-editor\" data-id=\"41683da\" data-element_type=\"widget\" data-widget_type=\"text-editor.default\">\n\t\t\t\t<div class=\"elementor-widget-container\">\n\t\t\t<style>\/*! elementor - v3.21.0 - 08-05-2024 *\/\n.elementor-widget-text-editor.elementor-drop-cap-view-stacked .elementor-drop-cap{background-color:#69727d;color:#fff}.elementor-widget-text-editor.elementor-drop-cap-view-framed .elementor-drop-cap{color:#69727d;border:3px solid;background-color:transparent}.elementor-widget-text-editor:not(.elementor-drop-cap-view-default) .elementor-drop-cap{margin-top:8px}.elementor-widget-text-editor:not(.elementor-drop-cap-view-default) .elementor-drop-cap-letter{width:1em;height:1em}.elementor-widget-text-editor .elementor-drop-cap{float:left;text-align:center;line-height:1;font-size:50px}.elementor-widget-text-editor .elementor-drop-cap-letter{display:inline-block}<\/style>\t\t\t\t<p>\ud83d\udccd C\\Neptuno, 2, 1\u00baC, 18004 Granada.<\/p>\t\t\t\t\t\t<\/div>\n\t\t\t\t<\/div>\n\t\t\t\t<div class=\"elementor-element elementor-element-db483df elementor-widget elementor-widget-text-editor\" data-id=\"db483df\" data-element_type=\"widget\" data-widget_type=\"text-editor.default\">\n\t\t\t\t<div class=\"elementor-widget-container\">\n\t\t\t\t\t\t\t\ud83d\udcde\u00a0 Tlf: <a style=\"color: #ffffff;\" href=\"tel:&quot;958536112&quot;\">958536112<\/a>\t\t\t\t\t\t<\/div>\n\t\t\t\t<\/div>\n\t\t\t\t<\/div>\n\t\t<div class=\"elementor-element elementor-element-163fa06 e-con-full elementor-hidden-mobile elementor-hidden-tablet e-flex e-con e-parent\" data-id=\"163fa06\" data-element_type=\"container\" data-settings=\"{&quot;background_background&quot;:&quot;classic&quot;}\">\n\t\t\t\t<div class=\"elementor-element elementor-element-aa8915b elementor-widget elementor-widget-text-editor\" data-id=\"aa8915b\" data-element_type=\"widget\" data-widget_type=\"text-editor.default\">\n\t\t\t\t<div class=\"elementor-widget-container\">\n\t\t\t\t\t\t\t&#128205; Calle Neptuno, 2, 1\u00baC, 18004 Granada.\t\t\t\t\t\t<\/div>\n\t\t\t\t<\/div>\n\t\t\t\t<div class=\"elementor-element elementor-element-bf9737c elementor-widget elementor-widget-text-editor\" data-id=\"bf9737c\" data-element_type=\"widget\" data-widget_type=\"text-editor.default\">\n\t\t\t\t<div class=\"elementor-widget-container\">\n\t\t\t\t\t\t\t\ud83d\udcde\u00a0 Tel\u00e9fono: <a style=\"color: #ffffff;\" href=\"tel:&quot;958536112&quot;\">958 53 61 12<\/a>\t\t\t\t\t\t<\/div>\n\t\t\t\t<\/div>\n\t\t\t\t<div class=\"elementor-element elementor-element-b75b712 elementor-widget elementor-widget-text-editor\" data-id=\"b75b712\" data-element_type=\"widget\" data-widget_type=\"text-editor.default\">\n\t\t\t\t<div class=\"elementor-widget-container\">\n\t\t\t\t\t\t\t&#128336; Lunes-Viernes 9:30-14:30h y de 16:30- 21:00h, Sabado 10:00-14:00h\t\t\t\t\t\t<\/div>\n\t\t\t\t<\/div>\n\t\t\t\t<\/div>\n\t\t<div class=\"elementor-element elementor-element-dccfdec e-con-full e-flex e-con e-parent\" data-id=\"dccfdec\" data-element_type=\"container\" data-settings=\"{&quot;background_background&quot;:&quot;classic&quot;}\">\n\t\t\t\t<\/div>\n\t\t<div class=\"elementor-element elementor-element-b69cdd5 e-con-full e-flex e-con e-parent\" data-id=\"b69cdd5\" data-element_type=\"container\" data-settings=\"{&quot;background_background&quot;:&quot;classic&quot;}\">\n\t\t\t\t<div class=\"elementor-element elementor-element-1c615d7 elementor-widget__width-inherit elementor-widget elementor-widget-heading\" data-id=\"1c615d7\" data-element_type=\"widget\" data-widget_type=\"heading.default\">\n\t\t\t\t<div class=\"elementor-widget-container\">\n\t\t\t<style>\/*! elementor - v3.21.0 - 08-05-2024 *\/\n.elementor-heading-title{padding:0;margin:0;line-height:1}.elementor-widget-heading .elementor-heading-title[class*=elementor-size-]>a{color:inherit;font-size:inherit;line-height:inherit}.elementor-widget-heading .elementor-heading-title.elementor-size-small{font-size:15px}.elementor-widget-heading .elementor-heading-title.elementor-size-medium{font-size:19px}.elementor-widget-heading .elementor-heading-title.elementor-size-large{font-size:29px}.elementor-widget-heading .elementor-heading-title.elementor-size-xl{font-size:39px}.elementor-widget-heading .elementor-heading-title.elementor-size-xxl{font-size:59px}<\/style><h2 class=\"elementor-heading-title elementor-size-default\">\u2026Centro Radiol\u00f3gico Dental\u2026<\/h2>\t\t<\/div>\n\t\t\t\t<\/div>\n\t\t\t\t<div class=\"elementor-element elementor-element-64f24d4 elementor-widget__width-inherit elementor-widget elementor-widget-text-editor\" data-id=\"64f24d4\" data-element_type=\"widget\" data-widget_type=\"text-editor.default\">\n\t\t\t\t<div class=\"elementor-widget-container\">\n\t\t\t\t\t\t\t<div class=\"tm_pb_text tm_pb_module tm_pb_bg_layout_light tm_pb_text_align_center  tm_pb_text_1\"><p>El Centro Radiol\u00f3gico Dental es una empresa que lleva dedicada al campo de la radiolog\u00eda dental digital 2D desde el a\u00f1o 1998, que cuenta con el buen hacer de profesionales bien formados y que decide en estos momentos incorporar las \u00faltimas tecnolog\u00edas aplicadas a su campo, para estar as\u00ed, a la vanguardia de su oferta de servicios.<br \/>Desde al a\u00f1o 2013, hemos incorporado nuestro sistema de radiolog\u00eda tridimensional CBCT, proyecciones radiol\u00f3gicas 3D.<br \/>El objetivo principal es facilitar al especialista cualquier exploraci\u00f3n radiol\u00f3gica que considere necesaria para llegar a una valoraci\u00f3n diagn\u00f3stica correcta, aplicando la metodolog\u00eda que se considere m\u00e1s eficaz en cada momento.<br \/>El especialista puede mantener las consultas que considere oportunas con el Centro para establecer el diagn\u00f3stico correcto.<\/p><\/div>\t\t\t\t\t\t<\/div>\n\t\t\t\t<\/div>\n\t\t\t\t<div class=\"elementor-element elementor-element-94772c3 elementor-widget__width-inherit elementor-widget elementor-widget-heading\" data-id=\"94772c3\" data-element_type=\"widget\" data-widget_type=\"heading.default\">\n\t\t\t\t<div class=\"elementor-widget-container\">\n\t\t\t<h2 class=\"elementor-heading-title elementor-size-default\">Misi\u00f3n<\/h2>\t\t<\/div>\n\t\t\t\t<\/div>\n\t\t\t\t<div class=\"elementor-element elementor-element-5422da8 elementor-widget__width-inherit elementor-widget elementor-widget-text-editor\" data-id=\"5422da8\" data-element_type=\"widget\" data-widget_type=\"text-editor.default\">\n\t\t\t\t<div class=\"elementor-widget-container\">\n\t\t\t\t\t\t\t<div class=\"tm_pb_text tm_pb_module tm_pb_bg_layout_light tm_pb_text_align_center  tm_pb_text_3\"><p>Ser el l\u00edderes en proyecciones radiol\u00f3gicas en la Odontolog\u00eda Digital 3D<\/p><p>Ofrecer a los profesionales dentales las mejores herramientas 3D de diagnostico y planificaci\u00f3n del tratamiento disponibles en el mercado<\/p><p>Crear un mundo mejor y m\u00e1s saludable a trav\u00e9s de la Odontolog\u00eda Digital 3D<\/p><\/div>\t\t\t\t\t\t<\/div>\n\t\t\t\t<\/div>\n\t\t\t\t<div class=\"elementor-element elementor-element-79b50c0 elementor-widget__width-inherit elementor-widget elementor-widget-heading\" data-id=\"79b50c0\" data-element_type=\"widget\" data-widget_type=\"heading.default\">\n\t\t\t\t<div class=\"elementor-widget-container\">\n\t\t\t<h2 class=\"elementor-heading-title elementor-size-default\">Quienes Somos<\/h2>\t\t<\/div>\n\t\t\t\t<\/div>\n\t\t\t\t<div class=\"elementor-element elementor-element-1eb53bd elementor-widget__width-inherit elementor-widget elementor-widget-text-editor\" data-id=\"1eb53bd\" data-element_type=\"widget\" data-widget_type=\"text-editor.default\">\n\t\t\t\t<div class=\"elementor-widget-container\">\n\t\t\t\t\t\t\t<div class=\"tm_pb_text tm_pb_module tm_pb_bg_layout_light tm_pb_text_align_center  tm_pb_text_5\"><p>Nos dedicamos exclusivamente a la realizaci\u00f3n de diagn\u00f3stico m\u00e1xilobucofacial lo que implica que la utilizaci\u00f3n del centro est\u00e9 especialmente desarrollada para aqu\u00e9llos pacientes remitidos por odont\u00f3logos, m\u00e9dicos estomat\u00f3logos y cirujanos m\u00e1xilofaciales.<\/p><p>Especial importancia adquiere la realizaci\u00f3n de estudios panor\u00e1micos para valoraci\u00f3n de patolog\u00eda m\u00e1xilofacial, y estudios prequir\u00fargicos de implantes osteointegrados, entre otros.<\/p><p>Se dispone de un servicio de asesoramiento a los profesionales que lo soliciten en todos aqu\u00e9llos temas relacionados con el diagn\u00f3stico m\u00e1xilofacial y dental.<\/p><\/div>\t\t\t\t\t\t<\/div>\n\t\t\t\t<\/div>\n\t\t\t\t<div class=\"elementor-element elementor-element-c5baf70 elementor-widget__width-inherit elementor-widget elementor-widget-heading\" data-id=\"c5baf70\" data-element_type=\"widget\" data-widget_type=\"heading.default\">\n\t\t\t\t<div class=\"elementor-widget-container\">\n\t\t\t<h2 class=\"elementor-heading-title elementor-size-default\">Nuestra Diferencia<\/h2>\t\t<\/div>\n\t\t\t\t<\/div>\n\t\t\t\t<div class=\"elementor-element elementor-element-aa15b64 elementor-widget__width-inherit elementor-widget elementor-widget-text-editor\" data-id=\"aa15b64\" data-element_type=\"widget\" data-widget_type=\"text-editor.default\">\n\t\t\t\t<div class=\"elementor-widget-container\">\n\t\t\t\t\t\t\t<div class=\"fusion-fullwidth fullwidth-box\"><div class=\"avada-row\"><p>Todos nuestros equipos son digitales y de \u00faltima generaci\u00f3n.<\/p><p>Menor d\u00f3sis de radiaci\u00f3n al paciente.<\/p><p>Im\u00e1genes de alta calidad.<\/p><p>Especialistas disponibles a lo largo de nuestro horario de atenci\u00f3n, para resolver cualquier consulta que el cliente pueda tener.<\/p><p>El 100% de nuestros servicios vienen con un software especializado para una mejor manipulaci\u00f3n de la imagen.<\/p><p>Capacitaci\u00f3n gratuita a dentistas socios en el manejo de nuestros software especializados.<\/p><p>Env\u00edo de im\u00e1genes \u00a0por fttp .<\/p><p>El 100% de nuestros estudios se entregan al instante.<\/p><p>Un servicio al cliente de alt\u00edsima calidad.<\/p><\/div><\/div>\t\t\t\t\t\t<\/div>\n\t\t\t\t<\/div>\n\t\t\t\t<div class=\"elementor-element elementor-element-bec933a elementor-widget__width-inherit elementor-widget elementor-widget-heading\" data-id=\"bec933a\" data-element_type=\"widget\" data-widget_type=\"heading.default\">\n\t\t\t\t<div class=\"elementor-widget-container\">\n\t\t\t<h2 class=\"elementor-heading-title elementor-size-default\">Cont\u00e1ctenos<\/h2>\t\t<\/div>\n\t\t\t\t<\/div>\n\t\t\t\t<div class=\"elementor-element elementor-element-5b6be11 elementor-widget__width-inherit elementor-widget elementor-widget-text-editor\" data-id=\"5b6be11\" data-element_type=\"widget\" data-widget_type=\"text-editor.default\">\n\t\t\t\t<div class=\"elementor-widget-container\">\n\t\t\t\t\t\t\t<p>Si tiene cualquier duda o quiere ponerse en contacto, pulse en el bot\u00f3n azul para conocernos.<\/p>\t\t\t\t\t\t<\/div>\n\t\t\t\t<\/div>\n\t\t\t\t<div class=\"elementor-element elementor-element-764fcbf elementor-widget elementor-widget-button\" data-id=\"764fcbf\" data-element_type=\"widget\" data-widget_type=\"button.default\">\n\t\t\t\t<div class=\"elementor-widget-container\">\n\t\t\t\t\t<div class=\"elementor-button-wrapper\">\n\t\t\t<a class=\"elementor-button elementor-button-link elementor-size-sm\" href=\"https:\/\/centroradiologicodental.org\/?page_id=532\">\n\t\t\t\t\t\t<span class=\"elementor-button-content-wrapper\">\n\t\t\t\t\t\t\t\t\t<span class=\"elementor-button-text\">CONTACTO<\/span>\n\t\t\t\t\t<\/span>\n\t\t\t\t\t<\/a>\n\t\t<\/div>\n\t\t\t\t<\/div>\n\t\t\t\t<\/div>\n\t\t\t\t<\/div>\n\t\t\t\t<\/div>\n\t\t","protected":false},"excerpt":{"rendered":"<p>\ud83d\udccd CNeptuno, 2, 1\u00baC, 18004 Granada. \ud83d\udcde\u00a0 Tlf: 958536112&#128205; Calle Neptuno, 2, 1\u00baC, 18004 Granada.\ud83d\udcde\u00a0 Tel\u00e9fono: 958 53 61 12&#128336; Lunes-Viernes 9:30-14:30h y de 16:30- 21:00h, Sabado 10:00-14:00h \u2026Centro Radiol\u00f3gico Dental\u2026 El Centro Radiol\u00f3gico Dental es una empresa que lleva dedicada al campo de la radiolog\u00eda dental digital 2D desde el a\u00f1o 1998, que cuenta [&hellip;]<\/p>\n","protected":false},"author":4,"featured_media":0,"parent":0,"menu_order":0,"comment_status":"closed","ping_status":"closed","template":"","meta":{"footnotes":""},"_links":{"self":[{"href":"https:\/\/centroradiologicodental.org\/index.php?rest_route=\/wp\/v2\/pages\/250"}],"collection":[{"href":"https:\/\/centroradiologicodental.org\/index.php?rest_route=\/wp\/v2\/pages"}],"about":[{"href":"https:\/\/centroradiologicodental.org\/index.php?rest_route=\/wp\/v2\/types\/page"}],"author":[{"embeddable":true,"href":"https:\/\/centroradiologicodental.org\/index.php?rest_route=\/wp\/v2\/users\/4"}],"replies":[{"embeddable":true,"href":"https:\/\/centroradiologicodental.org\/index.php?rest_route=%2Fwp%2Fv2%2Fcomments&post=250"}],"version-history":[{"count":184,"href":"https:\/\/centroradiologicodental.org\/index.php?rest_route=\/wp\/v2\/pages\/250\/revisions"}],"predecessor-version":[{"id":1096,"href":"https:\/\/centroradiologicodental.org\/index.php?rest_route=\/wp\/v2\/pages\/250\/revisions\/1096"}],"wp:attachment":[{"href":"https:\/\/centroradiologicodental.org\/index.php?rest_route=%2Fwp%2Fv2%2Fmedia&parent=250"}],"curies":[{"name":"wp","href":"https:\/\/api.w.org\/{rel}","templated":true}]}}